ve y(m).
-7
Suppose 133 = 16*u - 35*u. Let d(c) = c**3 + 6*c**2 + 10*c + 117. What is d(u)?
-2
Let s(i) be the first derivative of i**6/120 + i**5/60 + i**4/8 - i**3/2 - i**2 - 34*i - 134. Let b(f) be the second derivative of s(f). Give b(1).
2
Let y(f) be the second derivative of -f**3/3 + 9*f**2 + 141*f. Let x(m) = -m**2 + 5*m + 5. Let v be x(4). Determine y(v).
0
Let y = 116 - 116. Suppose y*l - 29 = -2*c - 5*l, 5*c = 3*l + 57. Let o(a) = a - 9. What is o(c)?
3
Let s(k) be the third derivative of k**5/60 + 17*k**4/24 + 3*k**3/2 + k**2. Let a(h) = h**3 + 19*h**2 - 200*h - 484. Let u be a(-26). Determine s(u).
-7
Let a(k) = -6 - 2*k + k - 7. Let z(w) = 87*w + 674. Let m(l) = 29*l + 222. Let g(c) = 19*m(c) - 6*z(c). Let i be g(-6). Determine a(i).
-13
Let p(w) = w**3 + 14*w**2 + w - 4. Suppose -29*z - 1079 = 54*z. What is p(z)?
152
Let m(r) = -5*r - 3. Let d = 53 - 49. Suppose -d*y = -0*y - 44. Suppose f = 3*l - y, 2*l + f - 14 = -0*l. What is m(l)?
-28
Let w(b) = 2*b**3 - 21*b**2 - 12*b + 11. Let p(s) = -3*s + 56. Let m be p(15). What is w(m)?
0
Let v be 30/(-5 - -10) + (-13)/(52/60). Let i(k) = -k**2 - 21*k - 109. Calculate i(v).
-1
Let k(s) be the second derivative of -s**4/3 + s**3/6 + 13*s**2/2 + 5*s - 3. Let r(h) be the first derivative of k(h). Calculate r(2).
-15
Let u(g) = -g**3 - 18*g**2 - 14*g + 52. Let h(l) = 2*l**2 + 7*l - 147. Let n be h(-10). Determine u(n).
1
Let k(h) = -24*h**2 - h - 1. Suppose 0 = 6*r - 10*r + o - 15, 5*o + 1 = r. Let x be (-30)/45*(-6)/r. Calculate k(x).
-24
Suppose -4*i - b + 0 + 3 = 0, -3*i + 4*b = -7. Let v(t) be the third derivative of -1/15*t**5 + 0 + 0*t**4 + 1/6*t**3 + 0*t + 48*t**2. Calculate v(i).
-3
Let j be 0/(1*12/(-6)). Let i(o) = 2*o - 1459 + 1433 + j*o. Calculate i(16).
6
Let m be 0/((-184)/(-161) - (-1)/(-7)). Let z(x) = -3*x**2 + x + 9 + 3*x**2 + x**2. What is z(m)?
9
Let w(p) = -p + 9. Let y(i) = -2*i + 10. Let v(f) = -4*w(f) + 3*y(f). Let a(s) = 178*s**2 + 1246*s - 5. Let n be a(-7). Calculate v(n).
4
Let x(s) = -s + 1. Suppose 148 = 22*l + 38. Let p be 5 - ((-2)/(-1) - 1). Suppose -l*v + 1 = -4*v, -o - p*v + 5 = 0. Give x(o).
0
Let n(o) = -2*o**3 - 7*o**2 - 4*o + 1. Let j be n(-3). Let i(q) = 1 - j - 2 + 0 - 3 - 3*q. Determine i(-4).
4
Let t(o) be the third derivative of o**6/120 - o**5/15 + o**4/12 + o**3/2 - 13*o**2. Let m be t(4). Let w = m - 11. Let r(a) = a**2 - a - 1. Give r(w).
-1
Suppose 0 = t - b + 10, 0 = -t - 29*b + 32*b - 22. Let v(h) be the second derivative of -h**3/6 + 5*h**2/2 - h. Give v(t).
9
Let c(d) = -d**3 - 20*d**2 + d + 3. Let z(o) = 2*o**3 - 3*o**2 - 3*o + 2. Let a be z(-2). Determine c(a).
-17
Let p be 18/(-4)*(16/24)/(-1). Let j(h) = 2*h - 25 + 27 - 3*h**p + 5*h**2 - 4*h**3 + 8*h**3. Give j(-4).
10
Let s(p) = 23*p - 38. Let f(d) = 26*d - 39. Let g(j) = 2*f(j) - 3*s(j). Determine g(2).
2
Let v(g) = 1762*g + 2*g**3 - 3*g**3 + 3 - 1760*g. Let n(r) = -r**3 + 8*r**2 - 3*r + 20. Let z be n(8). Let w be (6/z)/((-3)/(-4)). What is v(w)?
7
Let c(o) be the first derivative of -o**4/4 - 5*o**3/3 + 5*o**2/2 - 4*o - 547. Suppose -v - 18 = 5*b + 2*v, v = -5*b - 26. Calculate c(b).
2
Let x(p) = 3*p**3 - 76*p**2 + 16*p - 125. Let c(j) = -2*j**3 + 39*j**2 - 10*j + 63. Let y(n) = 5*c(n) + 3*x(n). Give y(-33).
6
Let k(c) = c**2 - 4*c + 7. Suppose -9 = 3*j, -5 = 2*v + 5*j + 2. Let b be 9/15 + (52/(-20) - -4). Let t = b + v. Give k(t).
19
Let z be (2*1 + (-351)/(-234))*(-7 - -5). Let x(u) = -15*u - 69. Let y(v) = 3*v + 14. Let w(q) = 2*x(q) + 11*y(q). Calculate w(z).
-5
Let n(o) = -4*o**3 - o**2 + 3*o + 4. Let k be (17/153*6)/(3/9). Give n(k).
-26
Suppose -8 = 2*w + i, w - 28*i + 24*i + 4 = 0. Let u(g) = 4*g**2 - 3*g - 4. Determine u(w).
72
Suppose -2*r = 4*z - 7 - 33, 2*r - 45 = -5*z. Let f(x) = -4*x + 1742 + 11*x**2 - 860 - 6*x - 871 - x**3. Determine f(r).
11
Let q be (1/2*-3)/(56/336). Let w(r) = r**3 + 9*r**2 + r + 4. Determine w(q).
-5
Let v(o) = 0*o - 12*o - 12990 + 12969. Calculate v(4).
-69
Let x be (1 + 0)*(-181 + 3). Let v = x - -179. Let w(k) = -10*k**3 - k**2 + k + 1. Calculate w(v).
-9
Let o(f) be the second derivative of 38*f**3/3 + f**2 - 31*f. Determine o(1).
78
Let o(r) = r**3 - 10*r**2 - 5*r + 4. Let j(p) = -112*p - 2795. Let g be j(-25). Calculate o(g).
-146
Let k(x) be the first derivative of -29*x**3/6 - x**2 + 77*x + 32. Let z(d) be the first derivative of k(d). Calculate z(-1).
27
Let m(s) = -6 - 16 + 0*s - 7*s + 8*s - 9*s + s**2. Calculate m(11).
11
Let j(r) be the first derivative of -7*r**6/30 + r**4/24 + r**3/6 + 89*r**2/2 - 282. Let v(y) be the second derivative of j(y). Give v(-1).
28
Let g(v) be the first derivative of -2*v + 1/2*v**2 + 184. Give g(5).
3
Let b(h) = 3034*h**2 - 6*h + h**3 - 32*h - 3073*h**2 - 93. Give b(40).
-13
Suppose -193 = 2*n + 3*r - 235, 3*r = -6. Suppose 6*w - 6 = 3*w. Let i be n/w + (2 - 5). Let f(d) = -d**2 + 9*d + 1. Determine f(i).
1
Let b(h) be the third derivative of 5*h**4/8 - 3*h**3 - 933*h**2 - 2. Determine b(2).
12
Let a(w) = 65*w + 32. Let k(v) = -29*v - 16. Let p(b) = -4*a(b) - 9*k(b). Suppose 0 = 4*o + 8, g + o = -0*o + 9. Calculate p(g).
27
Let n(v) = 8 + v**3 - 1 - 3*v**2 + 1020*v - 1030*v - 1. Determine n(5).
6
Let y(d) = 11*d**3 + 8*d**2 + 22*d - 6. Let i(k) = -3*k**3 - 3*k**2 - 8*k + 2. Let p(v) = -8*i(v) - 3*y(v). Give p(1).
-9
Suppose 0 = 4*p - 16, -4*t = -3*p - 2*p - 12. Let c(v) be the first derivative of v**2/2 - 9*v + 1979. Calculate c(t).
-1
Let f(d) be the first derivative of -5*d**2/2 - 90*d - 813. What is f(-19)?
5
Let z(p) = 34*p + 26. Suppose -3*t - 9 = -3*u, -5*u + 6 = -4*t - 5. What is z(u)?
-8
Let h(b) = -3*b + 49. Let u = -1451 - -1459. Calculate h(u).
25
Let w(m) = -m**3 + 12*m**2 - 12*m + 1. Suppose -55*x = -62*x - 875. Let q = x + 136. Calculate w(q).
-10
Let a(s) = -s - 1. Let h(l) = -2*l - 2. Let o(f) = -7*a(f) + 4*h(f). Suppose -g = 6 + 6. Let y be g*(-1 + -1)/(-4). What is o(y)?
5
Let d(v) be the first derivative of 15*v - 1/2*v**2 + 134. Give d(15).
0
Let v(u) = -5*u**3 + u - 1. Let i(g) = 9*g**3 - 13*g**2 - 18*g + 5. Let b(j) = i(j) + 2*v(j). Determine b(-11).
-63
Let g(y) = -7*y + 623. Let x be g(89). Let l(m) = m**2 + 8*m - 17. What is l(x)?
-17
Let w(m) = -5*m**2 + 41*m - 191. Let s(k) = -27*k**2 + 208*k - 956. Let t(f) = 2*s(f) - 11*w(f). What is t(28)?
-7
Let u(q) be the second derivative of 5*q**4/12 + 5*q**3/2 - 13*q**2/2 + 136*q - 4. Give u(-4).
7
Suppose 3*q - 5*q = -8. Suppose -q*z + 10 = w - 15, -w + 4*z = -33. Let i(f) = 6*f - 30*f**2 - 5 + 60*f**2 + 4*f - w*f**2. Calculate i(-10).
-5
Let n(x) = -x**2 - 57*x + 57*x - x**3. Suppose 0 = 4*u + 56 - 20. Let o(d) = -2*d**3 - d**2 - d - 1. Let f(b) = u*n(b) + 4*o(b). What is f(-6)?
-16
Let x(s) = s**2 - 18*s - 112. Suppose -t = 3*v + 14, -2*t = 4*v - 6*v + 4. Determine x(t).
3
Suppose -4*z - i = -2, -543*z = -546*z - 2*i + 4. Let r(p) = -3*p**2 + p - 27 - 2*p**2 + 15 + 6*p**2. Determine r(z).
-12
Let t(u) = 9*u - 199. Let n be t(22). Let c(r) = -r**2 + r + 0*r**3 - 816 + 817 - 5*r**3. What is c(n)?
4
Suppose -69*k + 46 = -67*k. Suppose -8*q - k + 15 = 0. Let i(p) = -16*p**2 - p - 1. Determine i(q).
-16
Let g(x) be the second derivative of -x**6/180 - 7*x**5/120 + x**4/3 - 5*x**2/2 - 19*x + 2. Let d(p) be the third derivative of g(p). Give d(-7).
21
Let a be 4/(-6) - (456574/(-6) - -8). Let i(g) = -76087 + a + 7*g. Give i(-1).
-7
Let r be 8 + ((-3)/12 - 1197/28). Let j(d) = 4*d + 120. What is j(r)?
-20
Let m = 33668 - 33670. Let s(i) = -12*i**2 + 2*i + 10. Determine s(m).
-42
Let o(c) be the first derivative of -c**4/12 + 2*c**3/3 - 3*c**2/2 + 50*c - 9. Let r(b) be the first derivative of o(b). Determine r(5).
-8
Let c(y) = -3*y**2 - 3*y + 5. Let g = -1286 - -1282. Determine c(g).
-31
Let h(w) = -2*w - 3. Suppose 4*r - 41 = -4*z + 27, 3*z - 5*r = 27. Suppose 3*l - 10*l - z = 0. Determine h(l).
1
Let z(l) = 1 + 8*l - 2 + 6*l. Let b = -92491 - -92490. Give z(b).
-15
Suppose -3*m - 4 = -5*m. Let i(w) be the third derivative of -w**5/20 + w**4/12 + w**3/6 - 159*w**2 - 32*w. What is i(m)?
-7
Let d(m) = -14*m - 15. Let w(h) = 4*h + 1. Let j(u) = d(u) + 5*w(u). What is j(1)?
-4
Let m(t) be the first derivative of -t**3/3 - t**2 + t + 4160. Suppose 3*p - 9 = 12. Let s = p - 11. What is m(s)?
-7
Suppose 2*q + 160 + 64 = 18*q. Let p(u) = 